{"id":4672,"date":"2022-11-14T11:41:53","date_gmt":"2022-11-14T16:41:53","guid":{"rendered":"http:\/\/15.157.196.9\/?post_type=expositions&#038;p=4672"},"modified":"2023-08-25T14:12:13","modified_gmt":"2023-08-25T18:12:13","slug":"lyse-charland-favretti","status":"publish","type":"expositions","link":"https:\/\/www.mumaq.ca\/en\/expositions\/lyse-charland-favretti\/","title":{"rendered":"Lyse Charland Favretti : Dance of lights"},"content":{"rendered":"<p><b><i>**The exhibition has been extended until September 23rd**<\/i><\/b><\/p>\n<p>From February 24 to September 3, 2023, the temporary exhibition: Lyse Charland Favretti invites you to discover the rich career of a Quebec visual artist who has worked in stained glass from the 1970s to the present day.<\/p>\n<p>In this retrospective, you will wander through the four historical periods that have marked her work: from her years of training at the \u00c9cole des Beaux-arts de Montr\u00e9al then at the Universit\u00e9 du Qu\u00e9bec \u00e0 Montr\u00e9al to her apprenticeship and her work at the glass workshop of the famous master glassmaker Pierre Osterrath, her large-scale glass projects as well as her current artistic production.<\/p>\n<p>A technical section will offer you an immersion in the artist's studio and reveals various processes for making a glass roof as well as the complexity of its integration into architecture, such as the works designed for the Montreal metro.<\/p>\n<p><a href=\"https:\/\/www.mumaq.com\/en\/new-temporary-exhibition\/\">Learn more<\/a><\/p>\n","protected":false},"featured_media":4770,"template":"","type_exposition":[45],"class_list":["post-4672","expositions","type-expositions","status-publish","has-post-thumbnail","hentry","type_exposition-temporaire-en"],"acf":[],"yoast_head":"<!-- This site is optimized with the Yoast SEO plugin v23.5 - https:\/\/yoast.com\/wordpress\/plugins\/seo\/ -->\n<title>Lyse Charland Favretti : Dance of lights - MUMAQ<\/title>\n<meta name=\"robots\" content=\"index, follow, max-snippet:-1, max-image-preview:large, max-video-preview:-1\" \/>\n<link rel=\"canonical\" href=\"https:\/\/www.mumaq.ca\/en\/expositions\/lyse-charland-favretti\/\" \/>\n<meta property=\"og:locale\" content=\"en_US\" \/>\n<meta property=\"og:type\" content=\"article\" \/>\n<meta property=\"og:title\" content=\"Lyse Charland Favretti : Dance of lights - MUMAQ\" \/>\n<meta property=\"og:description\" content=\"**The exhibition has been extended until September 23rd** From February 24 to September 3, 2023, the temporary exhibition: Lyse Charland Favretti invites you to discover the rich career of a Quebec visual artist who has worked in stained glass from the 1970s to the present day. In this retrospective, you will wander through the four &hellip; Continued\" \/>\n<meta property=\"og:url\" content=\"https:\/\/www.mumaq.ca\/en\/expositions\/lyse-charland-favretti\/\" \/>\n<meta property=\"og:site_name\" content=\"MUMAQ\" \/>\n<meta property=\"article:publisher\" content=\"https:\/\/www.facebook.com\/MuseeMetiersdartQuebec\" \/>\n<meta property=\"article:modified_time\" content=\"2023-08-25T18:12:13+00:00\" \/>\n<meta property=\"og:image\" content=\"https:\/\/www.mumaq.com\/wp-content\/uploads\/2023\/01\/LCF_Modal.png\" \/>\n\t<meta property=\"og:image:width\" content=\"900\" \/>\n\t<meta property=\"og:image:height\" content=\"900\" \/>\n\t<meta property=\"og:image:type\" content=\"image\/png\" \/>\n<meta name=\"twitter:card\" content=\"summary_large_image\" \/>\n<meta name=\"twitter:label1\" content=\"Est. reading time\" \/>\n\t<meta name=\"twitter:data1\" content=\"1 minute\" \/>\n<script type=\"application\/ld+json\" class=\"yoast-schema-graph\">{\"@context\":\"https:\/\/schema.org\",\"@graph\":[{\"@type\":\"WebPage\",\"@id\":\"https:\/\/www.mumaq.ca\/en\/expositions\/lyse-charland-favretti\/\",\"url\":\"https:\/\/www.mumaq.ca\/en\/expositions\/lyse-charland-favretti\/\",\"name\":\"Lyse Charland Favretti : Dance of lights - MUMAQ\",\"isPartOf\":{\"@id\":\"https:\/\/www.mumaq.com\/#website\"},\"primaryImageOfPage\":{\"@id\":\"https:\/\/www.mumaq.ca\/en\/expositions\/lyse-charland-favretti\/#primaryimage\"},\"image\":{\"@id\":\"https:\/\/www.mumaq.ca\/en\/expositions\/lyse-charland-favretti\/#primaryimage\"},\"thumbnailUrl\":\"https:\/\/www.mumaq.ca\/wp-content\/uploads\/2023\/01\/LCF_Modal.png\",\"datePublished\":\"2022-11-14T16:41:53+00:00\",\"dateModified\":\"2023-08-25T18:12:13+00:00\",\"breadcrumb\":{\"@id\":\"https:\/\/www.mumaq.ca\/en\/expositions\/lyse-charland-favretti\/#breadcrumb\"},\"inLanguage\":\"en-US\",\"potentialAction\":[{\"@type\":\"ReadAction\",\"target\":[\"https:\/\/www.mumaq.ca\/en\/expositions\/lyse-charland-favretti\/\"]}]},{\"@type\":\"ImageObject\",\"inLanguage\":\"en-US\",\"@id\":\"https:\/\/www.mumaq.ca\/en\/expositions\/lyse-charland-favretti\/#primaryimage\",\"url\":\"https:\/\/www.mumaq.ca\/wp-content\/uploads\/2023\/01\/LCF_Modal.png\",\"contentUrl\":\"https:\/\/www.mumaq.ca\/wp-content\/uploads\/2023\/01\/LCF_Modal.png\",\"width\":900,\"height\":900},{\"@type\":\"BreadcrumbList\",\"@id\":\"https:\/\/www.mumaq.ca\/en\/expositions\/lyse-charland-favretti\/#breadcrumb\",\"itemListElement\":[{\"@type\":\"ListItem\",\"position\":1,\"name\":\"Accueil\",\"item\":\"https:\/\/www.mumaq.com\/en\/\"},{\"@type\":\"ListItem\",\"position\":2,\"name\":\"Lyse Charland Favretti : Dance of lights\"}]},{\"@type\":\"WebSite\",\"@id\":\"https:\/\/www.mumaq.com\/#website\",\"url\":\"https:\/\/www.mumaq.com\/\",\"name\":\"MUMAQ\",\"description\":\"Mus\u00e9e des m\u00e9tiers d&#039;art du Qu\u00e9bec\",\"publisher\":{\"@id\":\"https:\/\/www.mumaq.com\/#organization\"},\"potentialAction\":[{\"@type\":\"SearchAction\",\"target\":{\"@type\":\"EntryPoint\",\"urlTemplate\":\"https:\/\/www.mumaq.com\/?s={search_term_string}\"},\"query-input\":{\"@type\":\"PropertyValueSpecification\",\"valueRequired\":true,\"valueName\":\"search_term_string\"}}],\"inLanguage\":\"en-US\"},{\"@type\":\"Organization\",\"@id\":\"https:\/\/www.mumaq.com\/#organization\",\"name\":\"MUMAQ\",\"url\":\"https:\/\/www.mumaq.com\/\",\"logo\":{\"@type\":\"ImageObject\",\"inLanguage\":\"en-US\",\"@id\":\"https:\/\/www.mumaq.com\/#\/schema\/logo\/image\/\",\"url\":\"https:\/\/www.mumaq.com\/wp-content\/uploads\/2020\/12\/Pastille-transparente-1.png\",\"contentUrl\":\"https:\/\/www.mumaq.com\/wp-content\/uploads\/2020\/12\/Pastille-transparente-1.png\",\"width\":600,\"height\":600,\"caption\":\"MUMAQ\"},\"image\":{\"@id\":\"https:\/\/www.mumaq.com\/#\/schema\/logo\/image\/\"},\"sameAs\":[\"https:\/\/www.facebook.com\/MuseeMetiersdartQuebec\",\"https:\/\/www.instagram.com\/museedesmetiersdartduquebec\/?hl=fr-ca\",\"https:\/\/www.linkedin.com\/company\/musee-des-maitres-et-artisans-du-quebec\/\",\"https:\/\/www.youtube.com\/user\/MuseeMAQ\"]}]}<\/script>\n<!-- \/ Yoast SEO plugin. -->","yoast_head_json":{"title":"Lyse Charland Favretti : Dance of lights - MUMAQ","robots":{"index":"index","follow":"follow","max-snippet":"max-snippet:-1","max-image-preview":"max-image-preview:large","max-video-preview":"max-video-preview:-1"},"canonical":"https:\/\/www.mumaq.ca\/en\/expositions\/lyse-charland-favretti\/","og_locale":"en_US","og_type":"article","og_title":"Lyse Charland Favretti : Dance of lights - MUMAQ","og_description":"**The exhibition has been extended until September 23rd** From February 24 to September 3, 2023, the temporary exhibition: Lyse Charland Favretti invites you to discover the rich career of a Quebec visual artist who has worked in stained glass from the 1970s to the present day. In this retrospective, you will wander through the four &hellip; Continued","og_url":"https:\/\/www.mumaq.ca\/en\/expositions\/lyse-charland-favretti\/","og_site_name":"MUMAQ","article_publisher":"https:\/\/www.facebook.com\/MuseeMetiersdartQuebec","article_modified_time":"2023-08-25T18:12:13+00:00","og_image":[{"width":900,"height":900,"url":"https:\/\/www.mumaq.com\/wp-content\/uploads\/2023\/01\/LCF_Modal.png","type":"image\/png"}],"twitter_card":"summary_large_image","twitter_misc":{"Est. reading time":"1 minute"},"schema":{"@context":"https:\/\/schema.org","@graph":[{"@type":"WebPage","@id":"https:\/\/www.mumaq.ca\/en\/expositions\/lyse-charland-favretti\/","url":"https:\/\/www.mumaq.ca\/en\/expositions\/lyse-charland-favretti\/","name":"Lyse Charland Favretti : Dance of lights - MUMAQ","isPartOf":{"@id":"https:\/\/www.mumaq.com\/#website"},"primaryImageOfPage":{"@id":"https:\/\/www.mumaq.ca\/en\/expositions\/lyse-charland-favretti\/#primaryimage"},"image":{"@id":"https:\/\/www.mumaq.ca\/en\/expositions\/lyse-charland-favretti\/#primaryimage"},"thumbnailUrl":"https:\/\/www.mumaq.ca\/wp-content\/uploads\/2023\/01\/LCF_Modal.png","datePublished":"2022-11-14T16:41:53+00:00","dateModified":"2023-08-25T18:12:13+00:00","breadcrumb":{"@id":"https:\/\/www.mumaq.ca\/en\/expositions\/lyse-charland-favretti\/#breadcrumb"},"inLanguage":"en-US","potentialAction":[{"@type":"ReadAction","target":["https:\/\/www.mumaq.ca\/en\/expositions\/lyse-charland-favretti\/"]}]},{"@type":"ImageObject","inLanguage":"en-US","@id":"https:\/\/www.mumaq.ca\/en\/expositions\/lyse-charland-favretti\/#primaryimage","url":"https:\/\/www.mumaq.ca\/wp-content\/uploads\/2023\/01\/LCF_Modal.png","contentUrl":"https:\/\/www.mumaq.ca\/wp-content\/uploads\/2023\/01\/LCF_Modal.png","width":900,"height":900},{"@type":"BreadcrumbList","@id":"https:\/\/www.mumaq.ca\/en\/expositions\/lyse-charland-favretti\/#breadcrumb","itemListElement":[{"@type":"ListItem","position":1,"name":"Accueil","item":"https:\/\/www.mumaq.com\/en\/"},{"@type":"ListItem","position":2,"name":"Lyse Charland Favretti : Dance of lights"}]},{"@type":"WebSite","@id":"https:\/\/www.mumaq.com\/#website","url":"https:\/\/www.mumaq.com\/","name":"MUMAQ","description":"Mus\u00e9e des m\u00e9tiers d&#039;art du Qu\u00e9bec","publisher":{"@id":"https:\/\/www.mumaq.com\/#organization"},"potentialAction":[{"@type":"SearchAction","target":{"@type":"EntryPoint","urlTemplate":"https:\/\/www.mumaq.com\/?s={search_term_string}"},"query-input":{"@type":"PropertyValueSpecification","valueRequired":true,"valueName":"search_term_string"}}],"inLanguage":"en-US"},{"@type":"Organization","@id":"https:\/\/www.mumaq.com\/#organization","name":"MUMAQ","url":"https:\/\/www.mumaq.com\/","logo":{"@type":"ImageObject","inLanguage":"en-US","@id":"https:\/\/www.mumaq.com\/#\/schema\/logo\/image\/","url":"https:\/\/www.mumaq.com\/wp-content\/uploads\/2020\/12\/Pastille-transparente-1.png","contentUrl":"https:\/\/www.mumaq.com\/wp-content\/uploads\/2020\/12\/Pastille-transparente-1.png","width":600,"height":600,"caption":"MUMAQ"},"image":{"@id":"https:\/\/www.mumaq.com\/#\/schema\/logo\/image\/"},"sameAs":["https:\/\/www.facebook.com\/MuseeMetiersdartQuebec","https:\/\/www.instagram.com\/museedesmetiersdartduquebec\/?hl=fr-ca","https:\/\/www.linkedin.com\/company\/musee-des-maitres-et-artisans-du-quebec\/","https:\/\/www.youtube.com\/user\/MuseeMAQ"]}]}},"_links":{"self":[{"href":"https:\/\/www.mumaq.ca\/en\/wp-json\/wp\/v2\/expositions\/4672"}],"collection":[{"href":"https:\/\/www.mumaq.ca\/en\/wp-json\/wp\/v2\/expositions"}],"about":[{"href":"https:\/\/www.mumaq.ca\/en\/wp-json\/wp\/v2\/types\/expositions"}],"wp:featuredmedia":[{"embeddable":true,"href":"https:\/\/www.mumaq.ca\/en\/wp-json\/wp\/v2\/media\/4770"}],"wp:attachment":[{"href":"https:\/\/www.mumaq.ca\/en\/wp-json\/wp\/v2\/media?parent=4672"}],"wp:term":[{"taxonomy":"type_exposition","embeddable":true,"href":"https:\/\/www.mumaq.ca\/en\/wp-json\/wp\/v2\/type_exposition?post=4672"}],"curies":[{"name":"wp","href":"https:\/\/api.w.org\/{rel}","templated":true}]}}

<p><b><i>**The exhibition has been extended until September 23rd**</i></b></p>
<p>From February 24 to September 3, 2023, the temporary exhibition: Lyse Charland Favretti invites you to discover the rich career of a Quebec visual artist who has worked in stained glass from the 1970s to the present day.</p>
<p>In this retrospective, you will wander through the four historical periods that have marked her work: from her years of training at the École des Beaux-arts de Montréal then at the Université du Québec à Montréal to her apprenticeship and her work at the glass workshop of the famous master glassmaker Pierre Osterrath, her large-scale glass projects as well as her current artistic production.</p>
<p>A technical section will offer you an immersion in the artist's studio and reveals various processes for making a glass roof as well as the complexity of its integration into architecture, such as the works designed for the Montreal metro.</p>
<p><a href="https://www.mumaq.com/en/new-temporary-exhibition/">Learn more</a></p>

<!-- This site is optimized with the Yoast SEO plugin v23.5 - https://yoast.com/wordpress/plugins/seo/ -->
<title>Lyse Charland Favretti : Dance of lights - MUMAQ</title>
<meta name="robots" content="index, follow, max-snippet:-1, max-image-preview:large, max-video-preview:-1" />
<link rel="canonical" href="https://www.mumaq.ca/en/expositions/lyse-charland-favretti/" />
<meta property="og:locale" content="en_US" />
<meta property="og:type" content="article" />
<meta property="og:title" content="Lyse Charland Favretti : Dance of lights - MUMAQ" />
<meta property="og:description" content="**The exhibition has been extended until September 23rd** From February 24 to September 3, 2023, the temporary exhibition: Lyse Charland Favretti invites you to discover the rich career of a Quebec visual artist who has worked in stained glass from the 1970s to the present day. In this retrospective, you will wander through the four &hellip; Continued" />
<meta property="og:url" content="https://www.mumaq.ca/en/expositions/lyse-charland-favretti/" />
<meta property="og:site_name" content="MUMAQ" />
<meta property="article:publisher" content="https://www.facebook.com/MuseeMetiersdartQuebec" />
<meta property="article:modified_time" content="2023-08-25T18:12:13+00:00" />
<meta property="og:image" content="https://www.mumaq.com/wp-content/uploads/2023/01/LCF_Modal.png" />
	<meta property="og:image:width" content="900" />
	<meta property="og:image:height" content="900" />
	<meta property="og:image:type" content="image/png" />
<meta name="twitter:card" content="summary_large_image" />
<meta name="twitter:label1" content="Est. reading time" />
	<meta name="twitter:data1" content="1 minute" />
<script type="application/ld+json" class="yoast-schema-graph">{"@context":"https://schema.org","@graph":[{"@type":"WebPage","@id":"https://www.mumaq.ca/en/expositions/lyse-charland-favretti/","url":"https://www.mumaq.ca/en/expositions/lyse-charland-favretti/","name":"Lyse Charland Favretti : Dance of lights - MUMAQ","isPartOf":{"@id":"https://www.mumaq.com/#website"},"primaryImageOfPage":{"@id":"https://www.mumaq.ca/en/expositions/lyse-charland-favretti/#primaryimage"},"image":{"@id":"https://www.mumaq.ca/en/expositions/lyse-charland-favretti/#primaryimage"},"thumbnailUrl":"https://www.mumaq.ca/wp-content/uploads/2023/01/LCF_Modal.png","datePublished":"2022-11-14T16:41:53+00:00","dateModified":"2023-08-25T18:12:13+00:00","breadcrumb":{"@id":"https://www.mumaq.ca/en/expositions/lyse-charland-favretti/#breadcrumb"},"inLanguage":"en-US","potentialAction":[{"@type":"ReadAction","target":["https://www.mumaq.ca/en/expositions/lyse-charland-favretti/"]}]},{"@type":"ImageObject","inLanguage":"en-US","@id":"https://www.mumaq.ca/en/expositions/lyse-charland-favretti/#primaryimage","url":"https://www.mumaq.ca/wp-content/uploads/2023/01/LCF_Modal.png","contentUrl":"https://www.mumaq.ca/wp-content/uploads/2023/01/LCF_Modal.png","width":900,"height":900},{"@type":"BreadcrumbList","@id":"https://www.mumaq.ca/en/expositions/lyse-charland-favretti/#breadcrumb","itemListElement":[{"@type":"ListItem","position":1,"name":"Accueil","item":"https://www.mumaq.com/en/"},{"@type":"ListItem","position":2,"name":"Lyse Charland Favretti : Dance of lights"}]},{"@type":"WebSite","@id":"https://www.mumaq.com/#website","url":"https://www.mumaq.com/","name":"MUMAQ","description":"Musée des métiers d&#039;art du Québec","publisher":{"@id":"https://www.mumaq.com/#organization"},"potentialAction":[{"@type":"SearchAction","target":{"@type":"EntryPoint","urlTemplate":"https://www.mumaq.com/?s={search_term_string}"},"query-input":{"@type":"PropertyValueSpecification","valueRequired":true,"valueName":"search_term_string"}}],"inLanguage":"en-US"},{"@type":"Organization","@id":"https://www.mumaq.com/#organization","name":"MUMAQ","url":"https://www.mumaq.com/","logo":{"@type":"ImageObject","inLanguage":"en-US","@id":"https://www.mumaq.com/#/schema/logo/image/","url":"https://www.mumaq.com/wp-content/uploads/2020/12/Pastille-transparente-1.png","contentUrl":"https://www.mumaq.com/wp-content/uploads/2020/12/Pastille-transparente-1.png","width":600,"height":600,"caption":"MUMAQ"},"image":{"@id":"https://www.mumaq.com/#/schema/logo/image/"},"sameAs":["https://www.facebook.com/MuseeMetiersdartQuebec","https://www.instagram.com/museedesmetiersdartduquebec/?hl=fr-ca","https://www.linkedin.com/company/musee-des-maitres-et-artisans-du-quebec/","https://www.youtube.com/user/MuseeMAQ"]}]}</script>
<!-- / Yoast SEO plugin. -->

Musée des métiers d&#039;art du Québec
