{"id":1257,"date":"2020-06-19T13:42:41","date_gmt":"2020-06-19T17:42:41","guid":{"rendered":"http:\/\/15.157.196.9\/expositions\/francesc-peich-la-joaillerie-du-temps\/"},"modified":"2020-07-06T16:50:23","modified_gmt":"2020-07-06T20:50:23","slug":"francesc-peich-la-joaillerie-du-temps","status":"publish","type":"expositions","link":"https:\/\/www.mumaq.ca\/en\/expositions\/francesc-peich-la-joaillerie-du-temps\/","title":{"rendered":"Francesc Peich : la joaillerie du temps"},"content":{"rendered":"<p><strong>De l\u2019horlogerie classique \u00e0 la joaillerie contemporaine<\/strong><\/p>\n<p><strong>Vernissage : jeudi 28 mars \u00e0 18h<\/strong><\/p>\n<p><em>Artiste joaillier et horloger de renom, Francesc Peich nous transporte dans le temps gr\u00e2ce \u00e0 son m\u00e9tier d\u2019horloger qu\u2019il pratique depuis 25 ans, mais \u00e9galement gr\u00e2ce \u00e0 la joaillerie qu\u2019il a apprise de fa\u00e7on autodidacte. Venez d\u00e9couvrir ses collections \u00ab La Mer \u00bb, \u00ab Transparence \u00bb et \u00ab Ressac \u00bb, dont cette derni\u00e8re rappelle les effets des changements climatiques sur le Grand Nord.<\/em><\/p>\n<p>Dans cette exposition, un fil conducteur appara\u00eet entre les th\u00e8mes que Francesc Peich explore, celui du monde marin, celui de la transparence et des formes fractales, et celui du ressac de la nature face aux assauts que l\u2019humain impose \u00e0 l\u2019environnement : la beaut\u00e9 du monde lui tient \u00e0 c\u0153ur.<\/p>\n<p>Son travail s\u2019inscrit dans un m\u00e9tissage entre la tradition horlog\u00e8re europ\u00e9enne, l\u2019inspiration m\u00e9diterran\u00e9enne et la libert\u00e9 cr\u00e9atrice qui marquent la joaillerie nord-am\u00e9ricaine. Cette exposition retrace l\u2019ensemble de son parcours artistique.<\/p>\n<p>\u00c0 propos de l\u2019artiste<br \/>\nFrancesc Peich est n\u00e9 \u00e0 Barcelone en Espagne en 1954. Des \u00e9l\u00e9ments \u00e9pars ont forg\u00e9 sa d\u00e9marche artistique : d\u2019abord une enfance entour\u00e9e de m\u00e9canismes d\u2019horlogerie, dans l\u2019atelier familial avec un p\u00e8re et un grand-p\u00e8re horlogers, des \u00e9tudes en horlogerie \u00e0 Barcelone et en Suisse, puis la reprise de la pratique familiale.<\/p>\n<p>C\u2019est \u00e0 Montr\u00e9al o\u00f9 il s\u2019installe en 1984 qu\u2019il exp\u00e9rimente en autodidacte la joaillerie et ses possibilit\u00e9s d\u2019expression artistique. Quelques ann\u00e9es plus tard, il lie ces deux savoir-faire avec des montres bijoux.<\/p>\n","protected":false},"featured_media":1163,"template":"","type_exposition":[45],"class_list":["post-1257","expositions","type-expositions","status-publish","has-post-thumbnail","hentry","type_exposition-temporaire-en"],"acf":[],"yoast_head":"<!-- This site is optimized with the Yoast SEO plugin v23.5 - https:\/\/yoast.com\/wordpress\/plugins\/seo\/ -->\n<title>Francesc Peich : la joaillerie du temps - MUMAQ<\/title>\n<meta name=\"robots\" content=\"index, follow, max-snippet:-1, max-image-preview:large, max-video-preview:-1\" \/>\n<link rel=\"canonical\" href=\"https:\/\/www.mumaq.ca\/en\/expositions\/francesc-peich-la-joaillerie-du-temps\/\" \/>\n<meta property=\"og:locale\" content=\"en_US\" \/>\n<meta property=\"og:type\" content=\"article\" \/>\n<meta property=\"og:title\" content=\"Francesc Peich : la joaillerie du temps - MUMAQ\" \/>\n<meta property=\"og:description\" content=\"De l\u2019horlogerie classique \u00e0 la joaillerie contemporaine Vernissage : jeudi 28 mars \u00e0 18h Artiste joaillier et horloger de renom, Francesc Peich nous transporte dans le temps gr\u00e2ce \u00e0 son m\u00e9tier d\u2019horloger qu\u2019il pratique depuis 25 ans, mais \u00e9galement gr\u00e2ce \u00e0 la joaillerie qu\u2019il a apprise de fa\u00e7on autodidacte. Venez d\u00e9couvrir ses collections \u00ab La &hellip; Continued\" \/>\n<meta property=\"og:url\" content=\"https:\/\/www.mumaq.ca\/en\/expositions\/francesc-peich-la-joaillerie-du-temps\/\" \/>\n<meta property=\"og:site_name\" content=\"MUMAQ\" \/>\n<meta property=\"article:publisher\" content=\"https:\/\/www.facebook.com\/MuseeMetiersdartQuebec\" \/>\n<meta property=\"article:modified_time\" content=\"2020-07-06T20:50:23+00:00\" \/>\n<meta property=\"og:image\" content=\"https:\/\/www.mumaq.ca\/wp-content\/uploads\/2020\/06\/portfolio-2-2-1.jpg\" \/>\n\t<meta property=\"og:image:width\" content=\"253\" \/>\n\t<meta property=\"og:image:height\" content=\"204\" \/>\n\t<meta property=\"og:image:type\" content=\"image\/jpeg\" \/>\n<meta name=\"twitter:card\" content=\"summary_large_image\" \/>\n<meta name=\"twitter:label1\" content=\"Est. reading time\" \/>\n\t<meta name=\"twitter:data1\" content=\"1 minute\" \/>\n<script type=\"application\/ld+json\" class=\"yoast-schema-graph\">{\"@context\":\"https:\/\/schema.org\",\"@graph\":[{\"@type\":\"WebPage\",\"@id\":\"https:\/\/www.mumaq.ca\/en\/expositions\/francesc-peich-la-joaillerie-du-temps\/\",\"url\":\"https:\/\/www.mumaq.ca\/en\/expositions\/francesc-peich-la-joaillerie-du-temps\/\",\"name\":\"Francesc Peich : la joaillerie du temps - MUMAQ\",\"isPartOf\":{\"@id\":\"https:\/\/www.mumaq.com\/#website\"},\"primaryImageOfPage\":{\"@id\":\"https:\/\/www.mumaq.ca\/en\/expositions\/francesc-peich-la-joaillerie-du-temps\/#primaryimage\"},\"image\":{\"@id\":\"https:\/\/www.mumaq.ca\/en\/expositions\/francesc-peich-la-joaillerie-du-temps\/#primaryimage\"},\"thumbnailUrl\":\"https:\/\/www.mumaq.ca\/wp-content\/uploads\/2020\/06\/portfolio-2-2-1.jpg\",\"datePublished\":\"2020-06-19T17:42:41+00:00\",\"dateModified\":\"2020-07-06T20:50:23+00:00\",\"breadcrumb\":{\"@id\":\"https:\/\/www.mumaq.ca\/en\/expositions\/francesc-peich-la-joaillerie-du-temps\/#breadcrumb\"},\"inLanguage\":\"en-US\",\"potentialAction\":[{\"@type\":\"ReadAction\",\"target\":[\"https:\/\/www.mumaq.ca\/en\/expositions\/francesc-peich-la-joaillerie-du-temps\/\"]}]},{\"@type\":\"ImageObject\",\"inLanguage\":\"en-US\",\"@id\":\"https:\/\/www.mumaq.ca\/en\/expositions\/francesc-peich-la-joaillerie-du-temps\/#primaryimage\",\"url\":\"https:\/\/www.mumaq.ca\/wp-content\/uploads\/2020\/06\/portfolio-2-2-1.jpg\",\"contentUrl\":\"https:\/\/www.mumaq.ca\/wp-content\/uploads\/2020\/06\/portfolio-2-2-1.jpg\",\"width\":253,\"height\":204},{\"@type\":\"BreadcrumbList\",\"@id\":\"https:\/\/www.mumaq.ca\/en\/expositions\/francesc-peich-la-joaillerie-du-temps\/#breadcrumb\",\"itemListElement\":[{\"@type\":\"ListItem\",\"position\":1,\"name\":\"Accueil\",\"item\":\"https:\/\/www.mumaq.com\/en\/\"},{\"@type\":\"ListItem\",\"position\":2,\"name\":\"Francesc Peich : la joaillerie du temps\"}]},{\"@type\":\"WebSite\",\"@id\":\"https:\/\/www.mumaq.com\/#website\",\"url\":\"https:\/\/www.mumaq.com\/\",\"name\":\"MUMAQ\",\"description\":\"Mus\u00e9e des m\u00e9tiers d&#039;art du Qu\u00e9bec\",\"publisher\":{\"@id\":\"https:\/\/www.mumaq.com\/#organization\"},\"potentialAction\":[{\"@type\":\"SearchAction\",\"target\":{\"@type\":\"EntryPoint\",\"urlTemplate\":\"https:\/\/www.mumaq.com\/?s={search_term_string}\"},\"query-input\":{\"@type\":\"PropertyValueSpecification\",\"valueRequired\":true,\"valueName\":\"search_term_string\"}}],\"inLanguage\":\"en-US\"},{\"@type\":\"Organization\",\"@id\":\"https:\/\/www.mumaq.com\/#organization\",\"name\":\"MUMAQ\",\"url\":\"https:\/\/www.mumaq.com\/\",\"logo\":{\"@type\":\"ImageObject\",\"inLanguage\":\"en-US\",\"@id\":\"https:\/\/www.mumaq.com\/#\/schema\/logo\/image\/\",\"url\":\"https:\/\/www.mumaq.com\/wp-content\/uploads\/2020\/12\/Pastille-transparente-1.png\",\"contentUrl\":\"https:\/\/www.mumaq.com\/wp-content\/uploads\/2020\/12\/Pastille-transparente-1.png\",\"width\":600,\"height\":600,\"caption\":\"MUMAQ\"},\"image\":{\"@id\":\"https:\/\/www.mumaq.com\/#\/schema\/logo\/image\/\"},\"sameAs\":[\"https:\/\/www.facebook.com\/MuseeMetiersdartQuebec\",\"https:\/\/www.instagram.com\/museedesmetiersdartduquebec\/?hl=fr-ca\",\"https:\/\/www.linkedin.com\/company\/musee-des-maitres-et-artisans-du-quebec\/\",\"https:\/\/www.youtube.com\/user\/MuseeMAQ\"]}]}<\/script>\n<!-- \/ Yoast SEO plugin. -->","yoast_head_json":{"title":"Francesc Peich : la joaillerie du temps - MUMAQ","robots":{"index":"index","follow":"follow","max-snippet":"max-snippet:-1","max-image-preview":"max-image-preview:large","max-video-preview":"max-video-preview:-1"},"canonical":"https:\/\/www.mumaq.ca\/en\/expositions\/francesc-peich-la-joaillerie-du-temps\/","og_locale":"en_US","og_type":"article","og_title":"Francesc Peich : la joaillerie du temps - MUMAQ","og_description":"De l\u2019horlogerie classique \u00e0 la joaillerie contemporaine Vernissage : jeudi 28 mars \u00e0 18h Artiste joaillier et horloger de renom, Francesc Peich nous transporte dans le temps gr\u00e2ce \u00e0 son m\u00e9tier d\u2019horloger qu\u2019il pratique depuis 25 ans, mais \u00e9galement gr\u00e2ce \u00e0 la joaillerie qu\u2019il a apprise de fa\u00e7on autodidacte. Venez d\u00e9couvrir ses collections \u00ab La &hellip; Continued","og_url":"https:\/\/www.mumaq.ca\/en\/expositions\/francesc-peich-la-joaillerie-du-temps\/","og_site_name":"MUMAQ","article_publisher":"https:\/\/www.facebook.com\/MuseeMetiersdartQuebec","article_modified_time":"2020-07-06T20:50:23+00:00","og_image":[{"width":253,"height":204,"url":"https:\/\/www.mumaq.ca\/wp-content\/uploads\/2020\/06\/portfolio-2-2-1.jpg","type":"image\/jpeg"}],"twitter_card":"summary_large_image","twitter_misc":{"Est. reading time":"1 minute"},"schema":{"@context":"https:\/\/schema.org","@graph":[{"@type":"WebPage","@id":"https:\/\/www.mumaq.ca\/en\/expositions\/francesc-peich-la-joaillerie-du-temps\/","url":"https:\/\/www.mumaq.ca\/en\/expositions\/francesc-peich-la-joaillerie-du-temps\/","name":"Francesc Peich : la joaillerie du temps - MUMAQ","isPartOf":{"@id":"https:\/\/www.mumaq.com\/#website"},"primaryImageOfPage":{"@id":"https:\/\/www.mumaq.ca\/en\/expositions\/francesc-peich-la-joaillerie-du-temps\/#primaryimage"},"image":{"@id":"https:\/\/www.mumaq.ca\/en\/expositions\/francesc-peich-la-joaillerie-du-temps\/#primaryimage"},"thumbnailUrl":"https:\/\/www.mumaq.ca\/wp-content\/uploads\/2020\/06\/portfolio-2-2-1.jpg","datePublished":"2020-06-19T17:42:41+00:00","dateModified":"2020-07-06T20:50:23+00:00","breadcrumb":{"@id":"https:\/\/www.mumaq.ca\/en\/expositions\/francesc-peich-la-joaillerie-du-temps\/#breadcrumb"},"inLanguage":"en-US","potentialAction":[{"@type":"ReadAction","target":["https:\/\/www.mumaq.ca\/en\/expositions\/francesc-peich-la-joaillerie-du-temps\/"]}]},{"@type":"ImageObject","inLanguage":"en-US","@id":"https:\/\/www.mumaq.ca\/en\/expositions\/francesc-peich-la-joaillerie-du-temps\/#primaryimage","url":"https:\/\/www.mumaq.ca\/wp-content\/uploads\/2020\/06\/portfolio-2-2-1.jpg","contentUrl":"https:\/\/www.mumaq.ca\/wp-content\/uploads\/2020\/06\/portfolio-2-2-1.jpg","width":253,"height":204},{"@type":"BreadcrumbList","@id":"https:\/\/www.mumaq.ca\/en\/expositions\/francesc-peich-la-joaillerie-du-temps\/#breadcrumb","itemListElement":[{"@type":"ListItem","position":1,"name":"Accueil","item":"https:\/\/www.mumaq.com\/en\/"},{"@type":"ListItem","position":2,"name":"Francesc Peich : la joaillerie du temps"}]},{"@type":"WebSite","@id":"https:\/\/www.mumaq.com\/#website","url":"https:\/\/www.mumaq.com\/","name":"MUMAQ","description":"Mus\u00e9e des m\u00e9tiers d&#039;art du Qu\u00e9bec","publisher":{"@id":"https:\/\/www.mumaq.com\/#organization"},"potentialAction":[{"@type":"SearchAction","target":{"@type":"EntryPoint","urlTemplate":"https:\/\/www.mumaq.com\/?s={search_term_string}"},"query-input":{"@type":"PropertyValueSpecification","valueRequired":true,"valueName":"search_term_string"}}],"inLanguage":"en-US"},{"@type":"Organization","@id":"https:\/\/www.mumaq.com\/#organization","name":"MUMAQ","url":"https:\/\/www.mumaq.com\/","logo":{"@type":"ImageObject","inLanguage":"en-US","@id":"https:\/\/www.mumaq.com\/#\/schema\/logo\/image\/","url":"https:\/\/www.mumaq.com\/wp-content\/uploads\/2020\/12\/Pastille-transparente-1.png","contentUrl":"https:\/\/www.mumaq.com\/wp-content\/uploads\/2020\/12\/Pastille-transparente-1.png","width":600,"height":600,"caption":"MUMAQ"},"image":{"@id":"https:\/\/www.mumaq.com\/#\/schema\/logo\/image\/"},"sameAs":["https:\/\/www.facebook.com\/MuseeMetiersdartQuebec","https:\/\/www.instagram.com\/museedesmetiersdartduquebec\/?hl=fr-ca","https:\/\/www.linkedin.com\/company\/musee-des-maitres-et-artisans-du-quebec\/","https:\/\/www.youtube.com\/user\/MuseeMAQ"]}]}},"_links":{"self":[{"href":"https:\/\/www.mumaq.ca\/en\/wp-json\/wp\/v2\/expositions\/1257"}],"collection":[{"href":"https:\/\/www.mumaq.ca\/en\/wp-json\/wp\/v2\/expositions"}],"about":[{"href":"https:\/\/www.mumaq.ca\/en\/wp-json\/wp\/v2\/types\/expositions"}],"wp:featuredmedia":[{"embeddable":true,"href":"https:\/\/www.mumaq.ca\/en\/wp-json\/wp\/v2\/media\/1163"}],"wp:attachment":[{"href":"https:\/\/www.mumaq.ca\/en\/wp-json\/wp\/v2\/media?parent=1257"}],"wp:term":[{"taxonomy":"type_exposition","embeddable":true,"href":"https:\/\/www.mumaq.ca\/en\/wp-json\/wp\/v2\/type_exposition?post=1257"}],"curies":[{"name":"wp","href":"https:\/\/api.w.org\/{rel}","templated":true}]}}

<p><strong>De l’horlogerie classique à la joaillerie contemporaine</strong></p>
<p><strong>Vernissage : jeudi 28 mars à 18h</strong></p>
<p><em>Artiste joaillier et horloger de renom, Francesc Peich nous transporte dans le temps grâce à son métier d’horloger qu’il pratique depuis 25 ans, mais également grâce à la joaillerie qu’il a apprise de façon autodidacte. Venez découvrir ses collections « La Mer », « Transparence » et « Ressac », dont cette dernière rappelle les effets des changements climatiques sur le Grand Nord.</em></p>
<p>Dans cette exposition, un fil conducteur apparaît entre les thèmes que Francesc Peich explore, celui du monde marin, celui de la transparence et des formes fractales, et celui du ressac de la nature face aux assauts que l’humain impose à l’environnement : la beauté du monde lui tient à cœur.</p>
<p>Son travail s’inscrit dans un métissage entre la tradition horlogère européenne, l’inspiration méditerranéenne et la liberté créatrice qui marquent la joaillerie nord-américaine. Cette exposition retrace l’ensemble de son parcours artistique.</p>
<p>À propos de l’artiste<br />
Francesc Peich est né à Barcelone en Espagne en 1954. Des éléments épars ont forgé sa démarche artistique : d’abord une enfance entourée de mécanismes d’horlogerie, dans l’atelier familial avec un père et un grand-père horlogers, des études en horlogerie à Barcelone et en Suisse, puis la reprise de la pratique familiale.</p>
<p>C’est à Montréal où il s’installe en 1984 qu’il expérimente en autodidacte la joaillerie et ses possibilités d’expression artistique. Quelques années plus tard, il lie ces deux savoir-faire avec des montres bijoux.</p>

<!-- This site is optimized with the Yoast SEO plugin v23.5 - https://yoast.com/wordpress/plugins/seo/ -->
<title>Francesc Peich : la joaillerie du temps - MUMAQ</title>
<meta name="robots" content="index, follow, max-snippet:-1, max-image-preview:large, max-video-preview:-1" />
<link rel="canonical" href="https://www.mumaq.ca/en/expositions/francesc-peich-la-joaillerie-du-temps/" />
<meta property="og:locale" content="en_US" />
<meta property="og:type" content="article" />
<meta property="og:title" content="Francesc Peich : la joaillerie du temps - MUMAQ" />
<meta property="og:description" content="De l’horlogerie classique à la joaillerie contemporaine Vernissage : jeudi 28 mars à 18h Artiste joaillier et horloger de renom, Francesc Peich nous transporte dans le temps grâce à son métier d’horloger qu’il pratique depuis 25 ans, mais également grâce à la joaillerie qu’il a apprise de façon autodidacte. Venez découvrir ses collections « La &hellip; Continued" />
<meta property="og:url" content="https://www.mumaq.ca/en/expositions/francesc-peich-la-joaillerie-du-temps/" />
<meta property="og:site_name" content="MUMAQ" />
<meta property="article:publisher" content="https://www.facebook.com/MuseeMetiersdartQuebec" />
<meta property="article:modified_time" content="2020-07-06T20:50:23+00:00" />
<meta property="og:image" content="https://www.mumaq.ca/wp-content/uploads/2020/06/portfolio-2-2-1.jpg" />
	<meta property="og:image:width" content="253" />
	<meta property="og:image:height" content="204" />
	<meta property="og:image:type" content="image/jpeg" />
<meta name="twitter:card" content="summary_large_image" />
<meta name="twitter:label1" content="Est. reading time" />
	<meta name="twitter:data1" content="1 minute" />
<script type="application/ld+json" class="yoast-schema-graph">{"@context":"https://schema.org","@graph":[{"@type":"WebPage","@id":"https://www.mumaq.ca/en/expositions/francesc-peich-la-joaillerie-du-temps/","url":"https://www.mumaq.ca/en/expositions/francesc-peich-la-joaillerie-du-temps/","name":"Francesc Peich : la joaillerie du temps - MUMAQ","isPartOf":{"@id":"https://www.mumaq.com/#website"},"primaryImageOfPage":{"@id":"https://www.mumaq.ca/en/expositions/francesc-peich-la-joaillerie-du-temps/#primaryimage"},"image":{"@id":"https://www.mumaq.ca/en/expositions/francesc-peich-la-joaillerie-du-temps/#primaryimage"},"thumbnailUrl":"https://www.mumaq.ca/wp-content/uploads/2020/06/portfolio-2-2-1.jpg","datePublished":"2020-06-19T17:42:41+00:00","dateModified":"2020-07-06T20:50:23+00:00","breadcrumb":{"@id":"https://www.mumaq.ca/en/expositions/francesc-peich-la-joaillerie-du-temps/#breadcrumb"},"inLanguage":"en-US","potentialAction":[{"@type":"ReadAction","target":["https://www.mumaq.ca/en/expositions/francesc-peich-la-joaillerie-du-temps/"]}]},{"@type":"ImageObject","inLanguage":"en-US","@id":"https://www.mumaq.ca/en/expositions/francesc-peich-la-joaillerie-du-temps/#primaryimage","url":"https://www.mumaq.ca/wp-content/uploads/2020/06/portfolio-2-2-1.jpg","contentUrl":"https://www.mumaq.ca/wp-content/uploads/2020/06/portfolio-2-2-1.jpg","width":253,"height":204},{"@type":"BreadcrumbList","@id":"https://www.mumaq.ca/en/expositions/francesc-peich-la-joaillerie-du-temps/#breadcrumb","itemListElement":[{"@type":"ListItem","position":1,"name":"Accueil","item":"https://www.mumaq.com/en/"},{"@type":"ListItem","position":2,"name":"Francesc Peich : la joaillerie du temps"}]},{"@type":"WebSite","@id":"https://www.mumaq.com/#website","url":"https://www.mumaq.com/","name":"MUMAQ","description":"Musée des métiers d&#039;art du Québec","publisher":{"@id":"https://www.mumaq.com/#organization"},"potentialAction":[{"@type":"SearchAction","target":{"@type":"EntryPoint","urlTemplate":"https://www.mumaq.com/?s={search_term_string}"},"query-input":{"@type":"PropertyValueSpecification","valueRequired":true,"valueName":"search_term_string"}}],"inLanguage":"en-US"},{"@type":"Organization","@id":"https://www.mumaq.com/#organization","name":"MUMAQ","url":"https://www.mumaq.com/","logo":{"@type":"ImageObject","inLanguage":"en-US","@id":"https://www.mumaq.com/#/schema/logo/image/","url":"https://www.mumaq.com/wp-content/uploads/2020/12/Pastille-transparente-1.png","contentUrl":"https://www.mumaq.com/wp-content/uploads/2020/12/Pastille-transparente-1.png","width":600,"height":600,"caption":"MUMAQ"},"image":{"@id":"https://www.mumaq.com/#/schema/logo/image/"},"sameAs":["https://www.facebook.com/MuseeMetiersdartQuebec","https://www.instagram.com/museedesmetiersdartduquebec/?hl=fr-ca","https://www.linkedin.com/company/musee-des-maitres-et-artisans-du-quebec/","https://www.youtube.com/user/MuseeMAQ"]}]}</script>
<!-- / Yoast SEO plugin. -->

De l’horlogerie classique à la joaillerie contemporaine Vernissage : jeudi 28 mars à 18h Artiste joaillier et horloger de renom, Francesc Peich nous transporte dans le temps grâce à son métier d’horloger qu’il pratique depuis 25 ans, mais également grâce à la joaillerie qu’il a apprise de façon autodidacte. Venez découvrir ses collections « La &hellip; Continued

Musée des métiers d&#039;art du Québec
